 -93*d = -147*d + 696006. Is d a prime number?
True
Suppose 23*f = 18*f + 4*t - 22077, 4*f + 4*t + 17640 = 0. Is -1 + 2*f/(-3) prime?
False
Is (64/128)/((-4)/(-693304)) composite?
True
Let y = -15660 + 28229. Is y a composite number?
False
Let q = 52 - 56. Let u be (0 - -83)/(3/(-228)*q). Suppose -7 = -5*j + 8, -j + u = 2*k. Is k composite?
False
Let t = 44 - 24. Suppose t*m = m + 50711. Is m a composite number?
True
Suppose -47*l + 55*l - 32 = 0. Suppose -2980 = l*w - 4*s - 17376, 0 = w + 5*s - 3575. Is w a prime number?
False
Let c = 895840 + 151627. Is c composite?
False
Let u(v) = 236*v**2 - 15*v - 84. Let h be u(-7). Is (h/(-10))/(-1 - (-1)/2) a prime number?
False
Let v(t) = -927*t - 40. Let j be v(-5). Let g = -2686 + j. Is g a composite number?
True
Let a be 487/(4/(-8) - 0). Let h = a - -1472. Let j = 1601 + h. Is j prime?
True
Suppose 4*o - 30 = 2*n, 0 = o + 5*n - 6 - 7. Suppose 8953 = -4*v + 5*v - 3*r, o = -2*r. Is v composite?
False
Suppose 4*a = a - 2*v + 13, 5*a + 5*v = 15. Let s be (-4 + (a - 4))*-5. Is -4 + s/(10/986) prime?
False
Is (13 - 8 - (8 - 2))*2 + 443689 prime?
True
Let v = 222695 - 150824. Is v prime?
False
Let o = 100114 + -195639. Is (1 + 6)*o/(-175) composite?
False
Let t = 116 + -116. Let r(c) = 35*c - 4. Let b be r(11). Suppose 5*g - 2*g - b = t. Is g composite?
False
Suppose -4*q + 980682 = -u, 735503 = 189*q - 186*q - 5*u. Is q composite?
False
Let z = -72 - -58. Is 16/28 - (-2)/z*-8039 a composite number?
True
Let o = -33 - -21. Let z be (10 + o)/(-2 - 2750/(-1374)). Is -1 - (z - (-4)/1) a prime number?
False
Let t = 379438 + -196155. Is t a composite number?
False
Suppose -4*x + 2*x + 24 = 0. Suppose x*m = 17*m. Suppose -33*z + 34*z - 203 = m. Is z a composite number?
True
Suppose 2*r = 16 - 20, r = -x + 10221. Is x a composite number?
False
Is (-4)/(-46) - (4 - (-11149355)/(-115)) a composite number?
True
Suppose 4*a = -3*t - 9941, -4*a + 1 + 15 = 0. Let g = t + 6548. Is g composite?
False
Let b = -12209 + 20790. Is b a prime number?
True
Let f be 1 + (5/(-3)*3 - 1). Is (f/((-100)/77835)*-4)/(-3) composite?
False
Let v(m) = 44*m**2 + m - 28. Let c be v(-11). Suppose p + 4*u - c = 0, -5*u - 9954 - 16396 = -5*p. Is p a composite number?
False
Suppose -3*l + 4*l - 7 = 0. Suppose 3*c = -o + 211, c - l*o + 4*o = 57. Suppose -556 = -f - c. Is f a prime number?
True
Suppose 2*x + 1078451 + 306088 = 5*a, 0 = -5*a + 3*x + 1384541. Is a prime?
True
Let r(p) = -3932*p - 6498. Is r(-10) prime?
False
Let x be (-108)/(-24)*(-20)/(-6). Suppose 14*b = x*b - 3113. Is b a prime number?
False
Let y = 944 + -261. Suppose -4761 = -w - 2*q, 0 = -4*w - q + 19692 - y. Is w a prime number?
True
Is (14/(56/20))/(17/14821739) composite?
True
Let m(y) = 834*y - 34. Let g be m(5). Suppose -i + g = -5*f, 0 = -0*i - 5*i + 3*f + 20636. Is i composite?
True
Let i be (-160)/(-60)*111411/(-12). Let p = i + 43929. Is p a prime number?
False
Let u = 89 + -93. Is u/((-79857)/15969 - -5) composite?
False
Let u = 210917 + 78849. Is u a prime number?
False
Suppose 0 = 3*c - 4325 - 3244. Suppose d + 3*j = -164 + 2691, -d = j - c. Is d composite?
False
Let a = 36 - 34. Suppose a*b + 2*b = -16. Let j(y) = -y**3 - 2*y**2 + 5*y + 2. Is j(b) a prime number?
False
Suppose 11*y + 14 = 13*y. Is 55940/14 - y - 4/(-14) composite?
False
Suppose -569 - 839 = -i - 3*c, 4*i - 3*c - 5632 = 0. Suppose 4*x + 4*b + 0*b + 2828 = 0, -3*x = 2*b + 2119. Let y = i + x. Is y prime?
False
Let k(d) = 179*d - 10. Let u be k(13). Suppose 81*f - 88*f + u = 0. Is f a prime number?
True
Suppose -2*u + 7*u - 674551 = 2*h, 2*h + 6 = 0. Is u a composite number?
False
Let r be 28/3*(-912)/32. Let d be (-59)/(-19) + 28/r. Is (-18)/12*(-754)/d a prime number?
False
Let u = 586 - 582. Suppose 0 = -u*t + m - 0*m + 25197, t + m = 6298. Is t a prime number?
True
Suppose 13*h + 4*k + 70188 = 17*h, k + 87755 = 5*h. Suppose -h = -6*l + 6670. Is l a composite number?
True
Suppose 0 = l + 68 - 65. Is (2 + 5636)*((-15)/10)/l composite?
False
Let j(n) = 836*n - 49. Suppose 16 = -0*r - 3*r + 5*u, 5*r + u = 20. Is j(r) prime?
True
Suppose 9*u = -19 + 100. Suppose -19936 = -u*g + 20681. Is g composite?
False
Suppose 5*m = -3*d + 17082 + 2504, 0 = d + 3. Suppose -8*k = -6*k - 3*h - m, -3*h + 1964 = k. Is k composite?
True
Let n be (-8)/(-2 + -2) - -699 - -2. Let a = n - 366. Is a a prime number?
True
Suppose d = 5*f + 6701 - 134769, 4*f + d = 102449. Is f prime?
False
Let r be (7 - 5 - -2)*1 - (23 + -626). Suppose 0 = -2*j - 0*j + 6, 3*h - 1263 = -5*j. Let u = r - h. Is u prime?
True
Let a(x) = 75*x**2 - 46*x + 54. Suppose 0 = 5*o - 4*o + 2. Let c(y) = -15*y**2 + 9*y - 11. Let s(b) = o*a(b) - 11*c(b). Is s(-9) composite?
False
Suppose 2*i - 577900 = 5*b, 30*i + 1155810 = 34*i - 5*b. Is i a prime number?
False
Suppose -4*z + x = -3*x - 1047372, -4*x = 2*z - 523674. Is z a composite number?
True
Suppose h = -3*x - 13, -1 = 5*h - x + 32. Let r(o) = 470*o**2 - 70*o + 11. Is r(h) a composite number?
False
Suppose -4*v + o + 1283593 = 0, v - 5*v - o = -1283599. Is v a composite number?
False
Suppose 0 = -s + 4*s + 315. Let w be ((-1158)/5)/(((-112)/s)/(-8)). Suppose 4*u = 4, 170 - w = -2*h - 5*u. Is h a composite number?
True
Let s = -1059824 + 1512321. Is s a prime number?
True
Let r(n) = n**2 - 33*n - 1911. Is r(-40) a composite number?
False
Let w = 39525 - -62956. Is w a prime number?
True
Suppose -45*c + 320576 = 4*d - 48*c, 0 = 4*d - c - 320568. Is d a prime number?
True
Let d(c) = 32*c + 10 + 13 + 70*c + 122*c. Is d(3) prime?
False
Is 5 + (6722 - -8) - -8 a prime number?
False
Let l(c) = 11860*c - 107. Is l(10) a prime number?
True
Let h = 747260 + 164225. Is h a composite number?
True
Suppose 4*s - 9*s = -815. Let l = s + -57. Is l composite?
True
Let a(i) = -2*i**2 - 3122. Let l be a(0). Let u = l - -8595. Is u a composite number?
True
Suppose -5*v + 5 = 5*x, -7*v + 3*v = 3*x - 2. Let y be (-1 - x)/((-12)/8). Is (4/y + -1)*673 a composite number?
False
Let n(z) = z**3 - z**2 + z + 673. Let r(q) = -q**2 + q + 6. Let h be r(3). Suppose 4*y = 5*p - 10*p, y + 2*p = h. Is n(y) a composite number?
False
Let s = -133677 + 207556. Is s composite?
True
Suppose -3*a + 644 = -5*u, -a + 103 + 114 = -4*u. Let j be (52/6 + 0)/(2/a). Suppose 13*m - 3354 = j. Is m a prime number?
False
Suppose 2*t = 2*p + 1356502, 44*t - 4*p - 678251 = 43*t. Is t prime?
False
Suppose 6*t - 108357 = 2*t + 118015. Is t a prime number?
False
Let p(s) = s**3 - 37*s**2 - 71*s + 31. Let h be p(39). Let d = h + -227. Is d composite?
True
Let y(n) = -n**2 + 41*n + 89. Let d be 846/48 - 3/(-8). Is y(d) a composite number?
False
Suppose -5*a - 139*l + 5029887 = -137*l, -3*a - 2*l + 3017933 = 0. Is a a prime number?
False
Let o = -55445 + 175728. Is o composite?
False
Is (11/(-44) - (-5)/4)/((-4)/(-20836)) composite?
False
Let v = -351 - -354. Let h(j) = -2*j**3 - 4*j**2 - j + 9. Let x be h(-12). Suppose -1260 = -v*y + x. Is y a prime number?
False
Suppose 0 = 4*a - 3*y - 332486, -1260050 = -16*a - 5*y + 69792. Is a a composite number?
False
Suppose 0 = b + 3, 10*z + 211615 = -3*b + 1223996. Is z a prime number?
False
Suppose 4*c = 522 + 530. Suppose 2*d - c = 689. Let s = -307 + d. Is s a prime number?
False
Is -7 + (-7)/((-70)/282060) composite?
True
Let l = 426 + -32. Suppose -4*m - l = -3174. Is m a composite number?
True
Is 3*1/(-15) + (-719232)/(-60) composite?
False
Let p be 28/32 - (-3)/24 - 73. Is (314/(-3))/(48/p) a prime number?
True
Suppose -3*w + 814 = i, 0 = -3*i - 4*w - w + 2458. Suppose 8*k = 15*k - i. Let c = k + 9. Is c composite?
False
Let i(k) = 500425*k - 572. Is i(1) composite?
False
Let w(j) = 4*j + 76. Let g be w(-15). Is (-4)/(g/(-20212)) + 8/(-4) composite?
False
Is (41884/444)/((-5)/(-15135)) a prime number?
False
Suppose 446*h = 79*h + 115054133. Is h a composite number?
True
Suppose 3*j + 5*d + 36 = 23, 0 = 2*d + 10. Let p(s) = 30*s**3 + 3*s**2 + 7*s - 11. Is p(j) composite?
True
Let r(x) be the second derivative of 1/4*x**5 - 2/3*x**4 + 0 + 21/2*x**2 + 19*x - 1/6*x**3. Is r(6) composite?
True
Let c be ((-27)/(-18))/(3/20*-1). Is (-15)/c + (-8683)/(-2) prime?
False
Let a(c) = 136*c**2 + 13*c - 38. Let t = 224 - 217. Is a(t) a composite number?
True
Let z = -173 - -192. Let d(r) = r**2 + 28. Is d(z) prime?
T